(-3)/(-18). Calculate the remainder when z*((-15)/(-6))/s is divided by 12.
10
Calculate the remainder when 57 is divided by -4 - (36/(-2) - -2).
9
Calculate the remainder when 123 is divided by (((-16)/20)/(-2))/(2/210).
39
Let g(u) = -10*u - 25. Calculate the remainder when 52 is divided by g(-4).
7
What is the remainder when 69 is divided by (-2)/(-1*(-2)/(-36))?
33
Let s = -107 + 122. Calculate the remainder when 49 is divided by s.
4
Suppose -2*a + 65 = -67. Calculate the remainder when a is divided by 23.
20
Calculate the remainder when -3 + 1 + 173 + -2 + 5 is divided by 44.
42
Let w = 152 - 35. Let y = 2 - -1. Suppose 3*x - w = 4*b, -y*x - b = -2*b - 108. Calculate the remainder when x is divided by 12.
11
Suppose c = 0, s - 90 = -2*s - c. Calculate the remainder when 119 is divided by s.
29
Suppose -4*j + 112 = 4*n, 0 = 3*n - 0*j - 3*j - 60. Calculate the remainder when n is divided by 5.
4
Suppose -2*t + 15 = 3*q, -4*q + 6 + 4 = t. Calculate the remainder when 11 is divided by t.
5
Suppose 2*l + 48 = -3*k, -4*l + 0*k = k + 116. Let a = l - -21. Calculate the remainder when a/2*8/(-6) is divided by 4.
2
Let m be (21 + (0 - 1))/1. Let f = m - 11. What is the remainder when 24 is divided by f?
6
Suppose -5*x + 9 = -1. Let b(d) = x - 2 - 4*d. Calculate the remainder when b(-4) is divided by 9.
7
Suppose -22 = -2*o - 4*m, 2*o + 3*m - 24 = -0*o. Calculate the remainder when 43 is divided by o.
13
Let o(t) = 35*t**3 + t**2. Let s be o(1). Suppose 2*r = -2*r + s. Suppose 4*x + 7 = n, -2*n + 11 = -2*x - r. What is the remainder when n is divided by 4?
3
Suppose -3*z + 21 = 2*i + i, -2*i = -5*z + 7. Suppose 0 = -i*j + 1 - 41. Calculate the remainder when 25 is divided by (1 - 2) + (0 - j).
7
Let u(t) = -18*t + 2. Suppose 0 = 2*h - 6, -6*h + 9*h - 66 = -3*r. Calculate the remainder when u(-3) is divided by r.
18
Let f be ((-12)/(-9))/((-4)/(-6)). Suppose f*x = -4*d + 7*x + 58, 4*d + 2*x - 44 = 0. Calculate the remainder when (-47)/(-1) - 1 - 2/2 is divided by d.
9
Suppose -16 = -4*g, 5*x - g - 19 = -2*g. Let u = 19 + x. Calculate the remainder when u is divided by 12.
10
Let s = 32 + 0. Suppose 4*o - 29 - 7 = 0. What is the remainder when s is divided by o?
5
Let x(w) = -w**3 - 3*w**2 + 7*w - 2. Let g = -2 - -8. What is the remainder when x(-5) is divided by ((-4)/2)/(g/(-21))?
6
Suppose 0 = 3*c - 5*k - 21 - 7, -3*k - 6 = 0. What is the remainder when 17 is divided by c?
5
Suppose -v - 32 = -2*b, 0*v - 11 = -b + 3*v. Calculate the remainder when 30 is divided by b.
13
Suppose 0*m - m + 29 = 0. What is the remainder when m is divided by (16 + -1)*2*(-4)/(-12)?
9
Let b(g) = g + 3. Let p be b(8). Let l = p - 2. What is the remainder when 26 is divided by l?
8
Let j = 49 + -26. Suppose 4*f - 12 = -4*n, 2*f + 11 = 1. Calculate the remainder when j is divided by n.
7
Let a(q) = -q**3 - 11*q**2 - 6*q + 1. Let w be a(-10). Let s = -27 - w. What is the remainder when 2*(-3)/s*-62 is divided by 16?
15
Let x = 74 + -39. Calculate the remainder when x is divided by 20.
15
Let r(y) = y**2 - 2*y + 7. Calculate the remainder when r(-5) is divided by (-1)/(-4) - (-261)/12.
20
Suppose -4*b = 2*w - 62, 2*w + 41 = 3*b - 2*w. What is the remainder when 87 is divided by b?
12
Suppose y = -5*r + 98, 2*y = -0*r - 2*r + 212. What is the remainder when y is divided by 56?
52
Let l be (3 - 2)/(2/122). Let r = -41 + l. Let c = 21 - 10. Calculate the remainder when r is divided by c.
9
Let i = -69 - -117. What is the remainder when i is divided by 13?
9
Suppose 4*g + 12 = 0, 2*a + 0*a = -3*g + 1. What is the remainder when a is divided by 4?
1
Let l(d) = 17*d - 5. What is the remainder when 47 is divided by l(1)?
11
Let p = -23 + 1. Let o = p - -32. What is the remainder when (-2)/((2/(-17))/1) is divided by o?
7
Suppose -3*h + 3*f + 12 = f, 12 = 3*h - 3*f. Suppose -h*t + 16 - 4 = 0. What is the remainder when t is divided by 1?
0
Let i(m) = -2*m**3 - 3*m**2 - m - 1. What is the remainder when 6 is divided by i(-2)?
1
Let g(c) = c**3 + 5*c**2 - c. Let b(y) = 0*y + 0 - 7 - 2*y. What is the remainder when g(-4) is divided by b(-7)?
6
Suppose 3*d - 7 = 20. What is the remainder when 17 is divided by d?
8
Suppose 19*l - 9*l = 230. What is the remainder when 87 is divided by l?
18
Let p = 24 + -4. Calculate the remainder when p is divided by 6.
2
What is the remainder when 73*(8/(-4) - -3) is divided by (2 - 0)*(-75)/(-6)?
23
Let o(s) be the second derivative of s**5/20 + 5*s**4/6 - s**3 - 4*s**2 + 3*s. Let g = 31 - 13. Calculate the remainder when o(-10) is divided by g.
16
Suppose 0 = -2*m + 21 - 1. Calculate the remainder when ((-3)/(-3))/(1/39) is divided by m.
9
Let a = 67 + -38. Suppose -4*n + a + 59 = 0. Calculate the remainder when n is divided by 12.
10
Suppose -17*f + 4*f = -1066. What is the remainder when f is divided by 44?
38
Let i = -61 + 72. Calculate the remainder when 19 is divided by i.
8
Let n = -9 - -34. Calculate the remainder when 47 is divided by n.
22
Suppose -2*z = 3*f - 57, 3*f - 41 = -5*z + 25. Let n = 14 + -10. Suppose -a + 21 = n*m, -m - m = a - 9. Calculate the remainder when f is divided by m.
5
Suppose 2*q + 6 = -8. Let h = q + 5. Let x = 6 - h. What is the remainder when 15 is divided by x?
7
Let o(y) = y**2 + 4*y + 6. Let w(d) = 2*d**2 + 3*d + 7. Let l(v) = 3*o(v) - 2*w(v). What is the remainder when 11 is divided by l(6)?
3
Let u = 40 - 20. What is the remainder when u is divided by 6?
2
What is the remainder when (30/18)/(1/30) is divided by 13?
11
Let w(f) = 2*f**2 - 3*f - 1. Suppose 10*l = -2*l + 456. Calculate the remainder when l is divided by w(-2).
12
Let q(m) = 2*m - m - 6 + m. Calculate the remainder when (-2)/7 + 1025/35 is divided by q(8).
9
Let s be ((-2)/6)/(2/(-6)). Let p(t) = 0 - 3 + t**2 + t + 0 - s. What is the remainder when p(-7) is divided by 13?
12
Suppose 0 = -3*c + 239 + 103. Calculate the remainder when c is divided by 39.
36
Let m(f) = f**2 + f - 2. Let v(g) = 4*g + 3*g**2 - g**2 - g**3 - 3*g. Let z be v(2). Calculate the remainder when m(z) is divided by 2.
0
Let f = 0 + 6. Let d(t) = 3*t**2 - 7*t - 8. Calculate the remainder when d(f) is divided by 20.
18
Suppose 9*y - 25 = 4*y. Let n = 0 + 40. Suppose y*r - n = r. What is the remainder when 18 is divided by r?
8
Suppose -26 + 210 = 4*a - l, -l = 0. What is the remainder when a is divided by 17?
12
Let a(r) = -5*r + 2*r - 11*r. Let p be a(-1). Calculate the remainder when (-24)/(-10)*(-4 + p) is divided by 13.
11
Suppose -o + 5*g + 3 = 10, -g = -4*o + 10. Let m(u) = -u - 9 - u**o + 4 - 6*u - 6*u**2. Calculate the remainder when 13 is divided by m(-5).
3
Let l = -1 + 14. Suppose -35 = p - 40. What is the remainder when l is divided by p?
3
Calculate the remainder when (1/5)/(-2*3/(-1230)) is divided by 4.
1
Suppose 0 = 4*u - 3*l - 195, 0 = 4*u + u + 3*l - 264. What is the remainder when u is divided by 18?
15
Calculate the remainder when 68 is divided by ((-5)/(-6) + 1/6)*23.
22
Suppose -5*n = 4*g - 6, 2*g + 5*n + 1 = 9. Let m be 3*g*(3 + -2). Calculate the remainder when (-1)/(m + 276/93) is divided by 8.
7
Let n(g) = -g - 3. Let y be n(-2). What is the remainder when -8*(y/(-2) + -1) is divided by 1*3*(3 - 2)?
1
Let f(j) = -j**3 - 2*j**2 + 4. Let x(s) = 2*s**3 - 3*s**2 + s - 1. Let n be x(2). Suppose 0*a + n*a - 35 = 0. What is the remainder when f(-3) is divided by a?
6
Suppose 0 = -3*w + 6*w - 36. What is the remainder when 35 is divided by w?
11
Suppose -3*a + 0*a + d - 37 = 0, 4*d + 56 = -5*a. Let h be (-8)/a*111/2. What is the remainder when 1/(-2)*-2*h is divided by 13?
11
Let s = 13 - -7. Suppose 0 = 4*f - s. Suppose -3*v - 28 = -f*v. Calculate the remainder when v is divided by 5.
4
Calculate the remainder when 11 is divided by 5/15 + (-34)/(-6).
5
Let h = -7 + 7. Let j = h + 6. Calculate the remainder when 16 is divided by j.
4
Let s = -61 - -111. Calculate the remainder when s is divided by (0 - -2)*299/46.
11
Suppose 22 = 2*b + 2*q, -q = 5*b - 0 - 43. Suppose -a + 116 = -34. Suppose a = 2*x + 3*x. Calculate the remainder when x is divided by b.
6
Suppose 2*v - 6 = -v. What is the remainder when 20 is divided by (4/v)/(6/33)?
9
Let f(m) = m**2 + 6*m + 1. Let g be f(-4). Let d(w) = -w**2 - 9*w - 8. Calculate the remainder when 10 is divided by d(g).
